{"id":65,"date":"2017-11-08T10:07:43","date_gmt":"2017-11-08T09:07:43","guid":{"rendered":"http:\/\/annwilson.se\/beta\/fitnessacademy\/?page_id=65"},"modified":"2026-03-11T18:27:44","modified_gmt":"2026-03-11T17:27:44","slug":"kontakt","status":"publish","type":"page","link":"https:\/\/annwilson.se\/fitnessacademy\/kontakt\/","title":{"rendered":"Kontakt"},"content":{"rendered":"\n<style type=\"text\/css\" data-created_by=\"avia_inline_auto\" id=\"style-css-av-2mwpt-93613b9555edb742f30655629db4cdad\">\n.flex_column.av-2mwpt-93613b9555edb742f30655629db4cdad{\n-webkit-border-radius:0px 0px 0px 0px;\n-moz-border-radius:0px 0px 0px 0px;\nborder-radius:0px 0px 0px 0px;\npadding:0px 0px 0px 0px;\n}\n<\/style>\n<div class='flex_column av-2mwpt-93613b9555edb742f30655629db4cdad av_one_half  avia-builder-el-0  el_before_av_one_half  avia-builder-el-first  first flex_column_div av-zero-column-padding '     ><section  class='av_textblock_section av-270nd-2d0451e2f4cca922fbd38e2e60bd607d'  itemscope=\"itemscope\" itemtype=\"https:\/\/schema.org\/CreativeWork\" ><div class='avia_textblock'  itemprop=\"text\" ><h2 class=\"p-name\">Ann Wilson Dance\/Fitness Academy AB<\/h2>\n<ul>\n<li>Org.nummer:<span class=\"organisation__number\">\u00a0556898-5344<\/span><\/li>\n<li>Anm\u00e4lan och fr\u00e5gor: <a href=\"mailto:info@annwilson.se\">info@annwilson.se<\/a><\/li>\n<li>Direkt Ann Wilson: <a href=\"mailto:ann@annwilson.se\">ann@annwilson.se<\/a><\/li>\n<li>Ring: 042-131417 , v\u00e4lkommen att ringa och\/eller l\u00e4gga ett besked . F\u00f6r snabb \u00e5terkoppling maila oss p\u00e5 info@annwilson.se<\/li>\n<li>Adress: Drottninggatan 46, Helsingborg<\/li>\n<li>\u00d6ppettider reception: L\u00f6rdag 10.00-12.00 Onsdagar 18.00-20.00<\/li>\n<li>Swish: 123 395 9350<\/li>\n<li>Bankgiro: 135-1493 Fitness Academy AB<\/li>\n<\/ul>\n<\/div><\/section><\/div>\n<style type=\"text\/css\" data-created_by=\"avia_inline_auto\" id=\"style-css-av-1pof5-b0073c9e2d6320dd6c176a8984b75432\">\n.flex_column.av-1pof5-b0073c9e2d6320dd6c176a8984b75432{\n-webkit-border-radius:0px 0px 0px 0px;\n-moz-border-radius:0px 0px 0px 0px;\nborder-radius:0px 0px 0px 0px;\npadding:0px 0px 0px 0px;\n}\n<\/style>\n<div class='flex_column av-1pof5-b0073c9e2d6320dd6c176a8984b75432 av_one_half  avia-builder-el-2  el_after_av_one_half  avia-builder-el-last  flex_column_div av-zero-column-padding '     ><style type=\"text\/css\" data-created_by=\"avia_inline_auto\" id=\"style-css-av-13tx9-27662833254e026ce690b71c5dfcebeb\">\n.avia-image-container.av-13tx9-27662833254e026ce690b71c5dfcebeb img.avia_image{\nbox-shadow:none;\n}\n.avia-image-container.av-13tx9-27662833254e026ce690b71c5dfcebeb .av-image-caption-overlay-center{\ncolor:#ffffff;\n}\n<\/style>\n<div  class='avia-image-container av-13tx9-27662833254e026ce690b71c5dfcebeb av-styling- avia-align-center  avia-builder-el-3  avia-builder-el-no-sibling '   itemprop=\"image\" itemscope=\"itemscope\" itemtype=\"https:\/\/schema.org\/ImageObject\" ><div class=\"avia-image-container-inner\"><div class=\"avia-image-overlay-wrap\"><img decoding=\"async\" class='wp-image-239 avia-img-lazy-loading-not-239 avia_image ' src=\"https:\/\/annwilson.se\/fitnessacademy\/wp-content\/uploads\/2018\/02\/fitness-academy.png\" alt='' title='fitness academy'  height=\"395\" width=\"790\"  itemprop=\"thumbnailUrl\" srcset=\"https:\/\/annwilson.se\/fitnessacademy\/wp-content\/uploads\/2018\/02\/fitness-academy.png 790w, https:\/\/annwilson.se\/fitnessacademy\/wp-content\/uploads\/2018\/02\/fitness-academy-300x150.png 300w, https:\/\/annwilson.se\/fitnessacademy\/wp-content\/uploads\/2018\/02\/fitness-academy-768x384.png 768w, https:\/\/annwilson.se\/fitnessacademy\/wp-content\/uploads\/2018\/02\/fitness-academy-705x353.png 705w, https:\/\/annwilson.se\/fitnessacademy\/wp-content\/uploads\/2018\/02\/fitness-academy-450x225.png 450w\" sizes=\"(max-width: 790px) 100vw, 790px\" \/><\/div><\/div><\/div><\/div><\/p>\n","protected":false},"excerpt":{"rendered":"","protected":false},"author":1,"featured_media":0,"parent":0,"menu_order":0,"comment_status":"closed","ping_status":"closed","template":"","meta":{"footnotes":""},"class_list":["post-65","page","type-page","status-publish","hentry"],"yoast_head":"<!-- This site is optimized with the Yoast SEO plugin v26.9 - https:\/\/yoast.com\/product\/yoast-seo-wordpress\/ -->\n<title>Kontakt - Ann Wilson Fitness Academy<\/title>\n<meta name=\"robots\" content=\"index, follow, max-snippet:-1, max-image-preview:large, max-video-preview:-1\" \/>\n<link rel=\"canonical\" href=\"https:\/\/annwilson.se\/fitnessacademy\/kontakt\/\" \/>\n<meta property=\"og:locale\" content=\"sv_SE\" \/>\n<meta property=\"og:type\" content=\"article\" \/>\n<meta property=\"og:title\" content=\"Kontakt - Ann Wilson Fitness Academy\" \/>\n<meta property=\"og:url\" content=\"https:\/\/annwilson.se\/fitnessacademy\/kontakt\/\" \/>\n<meta property=\"og:site_name\" content=\"Ann Wilson Fitness Academy\" \/>\n<meta property=\"article:modified_time\" content=\"2026-03-11T17:27:44+00:00\" \/>\n<meta name=\"twitter:card\" content=\"summary_large_image\" \/>\n<meta name=\"twitter:label1\" content=\"Ber\u00e4knad l\u00e4stid\" \/>\n\t<meta name=\"twitter:data1\" content=\"1 minut\" \/>\n<script type=\"application\/ld+json\" class=\"yoast-schema-graph\">{\"@context\":\"https:\/\/schema.org\",\"@graph\":[{\"@type\":\"WebPage\",\"@id\":\"https:\/\/annwilson.se\/fitnessacademy\/kontakt\/\",\"url\":\"https:\/\/annwilson.se\/fitnessacademy\/kontakt\/\",\"name\":\"Kontakt - Ann Wilson Fitness Academy\",\"isPartOf\":{\"@id\":\"https:\/\/annwilson.se\/fitnessacademy\/#website\"},\"datePublished\":\"2017-11-08T09:07:43+00:00\",\"dateModified\":\"2026-03-11T17:27:44+00:00\",\"breadcrumb\":{\"@id\":\"https:\/\/annwilson.se\/fitnessacademy\/kontakt\/#breadcrumb\"},\"inLanguage\":\"sv-SE\",\"potentialAction\":[{\"@type\":\"ReadAction\",\"target\":[\"https:\/\/annwilson.se\/fitnessacademy\/kontakt\/\"]}]},{\"@type\":\"BreadcrumbList\",\"@id\":\"https:\/\/annwilson.se\/fitnessacademy\/kontakt\/#breadcrumb\",\"itemListElement\":[{\"@type\":\"ListItem\",\"position\":1,\"name\":\"Hem\",\"item\":\"https:\/\/annwilson.se\/fitnessacademy\/\"},{\"@type\":\"ListItem\",\"position\":2,\"name\":\"Kontakt\"}]},{\"@type\":\"WebSite\",\"@id\":\"https:\/\/annwilson.se\/fitnessacademy\/#website\",\"url\":\"https:\/\/annwilson.se\/fitnessacademy\/\",\"name\":\"Ann Wilson Fitness Academy\",\"description\":\"\",\"potentialAction\":[{\"@type\":\"SearchAction\",\"target\":{\"@type\":\"EntryPoint\",\"urlTemplate\":\"https:\/\/annwilson.se\/fitnessacademy\/?s={search_term_string}\"},\"query-input\":{\"@type\":\"PropertyValueSpecification\",\"valueRequired\":true,\"valueName\":\"search_term_string\"}}],\"inLanguage\":\"sv-SE\"}]}<\/script>\n<!-- \/ Yoast SEO plugin. -->","yoast_head_json":{"title":"Kontakt - Ann Wilson Fitness Academy","robots":{"index":"index","follow":"follow","max-snippet":"max-snippet:-1","max-image-preview":"max-image-preview:large","max-video-preview":"max-video-preview:-1"},"canonical":"https:\/\/annwilson.se\/fitnessacademy\/kontakt\/","og_locale":"sv_SE","og_type":"article","og_title":"Kontakt - Ann Wilson Fitness Academy","og_url":"https:\/\/annwilson.se\/fitnessacademy\/kontakt\/","og_site_name":"Ann Wilson Fitness Academy","article_modified_time":"2026-03-11T17:27:44+00:00","twitter_card":"summary_large_image","twitter_misc":{"Ber\u00e4knad l\u00e4stid":"1 minut"},"schema":{"@context":"https:\/\/schema.org","@graph":[{"@type":"WebPage","@id":"https:\/\/annwilson.se\/fitnessacademy\/kontakt\/","url":"https:\/\/annwilson.se\/fitnessacademy\/kontakt\/","name":"Kontakt - Ann Wilson Fitness Academy","isPartOf":{"@id":"https:\/\/annwilson.se\/fitnessacademy\/#website"},"datePublished":"2017-11-08T09:07:43+00:00","dateModified":"2026-03-11T17:27:44+00:00","breadcrumb":{"@id":"https:\/\/annwilson.se\/fitnessacademy\/kontakt\/#breadcrumb"},"inLanguage":"sv-SE","potentialAction":[{"@type":"ReadAction","target":["https:\/\/annwilson.se\/fitnessacademy\/kontakt\/"]}]},{"@type":"BreadcrumbList","@id":"https:\/\/annwilson.se\/fitnessacademy\/kontakt\/#breadcrumb","itemListElement":[{"@type":"ListItem","position":1,"name":"Hem","item":"https:\/\/annwilson.se\/fitnessacademy\/"},{"@type":"ListItem","position":2,"name":"Kontakt"}]},{"@type":"WebSite","@id":"https:\/\/annwilson.se\/fitnessacademy\/#website","url":"https:\/\/annwilson.se\/fitnessacademy\/","name":"Ann Wilson Fitness Academy","description":"","potentialAction":[{"@type":"SearchAction","target":{"@type":"EntryPoint","urlTemplate":"https:\/\/annwilson.se\/fitnessacademy\/?s={search_term_string}"},"query-input":{"@type":"PropertyValueSpecification","valueRequired":true,"valueName":"search_term_string"}}],"inLanguage":"sv-SE"}]}},"_links":{"self":[{"href":"https:\/\/annwilson.se\/fitnessacademy\/wp-json\/wp\/v2\/pages\/65","targetHints":{"allow":["GET"]}}],"collection":[{"href":"https:\/\/annwilson.se\/fitnessacademy\/wp-json\/wp\/v2\/pages"}],"about":[{"href":"https:\/\/annwilson.se\/fitnessacademy\/wp-json\/wp\/v2\/types\/page"}],"author":[{"embeddable":true,"href":"https:\/\/annwilson.se\/fitnessacademy\/wp-json\/wp\/v2\/users\/1"}],"replies":[{"embeddable":true,"href":"https:\/\/annwilson.se\/fitnessacademy\/wp-json\/wp\/v2\/comments?post=65"}],"version-history":[{"count":5,"href":"https:\/\/annwilson.se\/fitnessacademy\/wp-json\/wp\/v2\/pages\/65\/revisions"}],"predecessor-version":[{"id":1962,"href":"https:\/\/annwilson.se\/fitnessacademy\/wp-json\/wp\/v2\/pages\/65\/revisions\/1962"}],"wp:attachment":[{"href":"https:\/\/annwilson.se\/fitnessacademy\/wp-json\/wp\/v2\/media?parent=65"}],"curies":[{"name":"wp","href":"https:\/\/api.w.org\/{rel}","templated":true}]}}