{"id":302,"date":"2018-08-08T21:42:57","date_gmt":"2018-08-08T19:42:57","guid":{"rendered":"http:\/\/annwilson.se\/fitnessacademy\/?page_id=302"},"modified":"2025-12-05T11:46:04","modified_gmt":"2025-12-05T10:46:04","slug":"kursschema","status":"publish","type":"page","link":"https:\/\/annwilson.se\/fitnessacademy\/kursschema\/","title":{"rendered":"Kursschema"},"content":{"rendered":"\n<style type=\"text\/css\" data-created_by=\"avia_inline_auto\" id=\"style-css-av-cmcw86-63a46895426da440430dcb137a8480c4\">\n.flex_column.av-cmcw86-63a46895426da440430dcb137a8480c4{\n-webkit-border-radius:0px 0px 0px 0px;\n-moz-border-radius:0px 0px 0px 0px;\nborder-radius:0px 0px 0px 0px;\npadding:0px 0px 0px 0px;\n}\n<\/style>\n<div class='flex_column av-cmcw86-63a46895426da440430dcb137a8480c4 av_one_full  avia-builder-el-0  avia-builder-el-no-sibling  first flex_column_div av-zero-column-padding '     ><p>\n<style type=\"text\/css\" data-created_by=\"avia_inline_auto\" id=\"style-css-av-79r2m-4dbf9a8351da3ba862116af990b18c4d\">\n#top .av-special-heading.av-79r2m-4dbf9a8351da3ba862116af990b18c4d{\npadding-bottom:10px;\n}\nbody .av-special-heading.av-79r2m-4dbf9a8351da3ba862116af990b18c4d .av-special-heading-tag .heading-char{\nfont-size:25px;\n}\n.av-special-heading.av-79r2m-4dbf9a8351da3ba862116af990b18c4d .av-subheading{\nfont-size:15px;\n}\n<\/style>\n<div  class='av-special-heading av-79r2m-4dbf9a8351da3ba862116af990b18c4d av-special-heading-h1  avia-builder-el-1  el_before_av_textblock  avia-builder-el-first '><h1 class='av-special-heading-tag'  itemprop=\"headline\"  >Kursschema<\/h1><div class=\"special-heading-border\"><div class=\"special-heading-inner-border\"><\/div><\/div><\/div><br \/>\n<section  class='av_textblock_section av-cbkpou-de5e405fe3cb4a97bc49bff26440d60a'  itemscope=\"itemscope\" itemtype=\"https:\/\/schema.org\/CreativeWork\" ><div class='av-desktop-hide av-medium-hide av-small-hide av-mini-hide avia_textblock'  itemprop=\"text\" ><p>Kursstart vecka 20! Sommarterminen \u00e4r 4 veckor.<\/p>\n<p>Anm\u00e4l till danskurs genom att skicka ett mail till\u00a0<a href=\"mailto:info@annwilson.se\">info@annwilson.se<\/a>\u00a0och ange kursnummer, namn och personnummer p\u00e5 eleven. Ni f\u00e5r d\u00e5 en bekr\u00e4ftelse tillbaka p\u00e5 anm\u00e4lan samt information f\u00f6r betalning. Elevens kursplats \u00e4r garanterad f\u00f6rst n\u00e4r betalningen \u00e4r genomf\u00f6rd. Betala in via swish eller bankgiro. Gl\u00f6m inte att ange kursnummer och namn p\u00e5 eleven i betalningen.<\/p>\n<p>Swish: 123 395 9350<\/p>\n<p>Bankgiro: 135-1493 Fitness Academy AB<\/p>\n<p>V\u00e5r \u00e5terbetalningspolicy:<br \/>\nKan inte kurs genomf\u00f6ras p\u00e5 grund av sjukdom eller skada kan denna \u00e5terbetalas om l\u00e4karintyg visas.<\/p>\n<\/div><\/section><br \/>\n<br \/>\n<div class='avia-data-table-wrap av-c7blce-6ba9811f96aaaab1084be1ff5921fae2 avia_responsive_table av-desktop-hide av-medium-hide av-small-hide av-mini-hide avia-table-1'><table  class='avia-table avia-data-table avia_pricing_default  avia-builder-el-4  el_after_av_codeblock  avia-builder-el-last '  itemscope=\"itemscope\" itemtype=\"https:\/\/schema.org\/Table\" ><tbody><tr class='avia-heading-row'><th class=''>Kursnummer<\/th><th class=''>Kursnamn<\/th><th class=''>Kursstart<\/th><th class=''>Dag och Tid<\/th><th class=''>Pris<\/th><\/tr><tr class=''><td class=''>1<\/td><td class=''>Rekrytering<br \/>\nPardans och Silvermedalj<\/td><td class=''>14\/5<\/td><td class=''>Tisdagar<br \/>\n16:00-16:45<\/td><td class=''>450 kr<\/td><\/tr><tr class=''><td class=''>2<\/td><td class=''>C-klass, Guldmedalj och Guldstj\u00e4rna Standard och Latin<\/td><td class=''>14\/5<\/td><td class=''>Tisdagar<br \/>\n16:45-17:45<\/td><td class=''>530 kr<\/td><\/tr><tr class=''><td class=''>3<\/td><td class=''>B-klass Standard<\/td><td class=''>14\/5<\/td><td class=''>Tisdagar<br \/>\n18:00-18:45<\/td><td class=''>450 kr<\/td><\/tr><tr class=''><td class=''>4<\/td><td class=''>B-klass Latin<\/td><td class=''>14\/5<\/td><td class=''>Tisdagar<br \/>\n18:50-19:35<\/td><td class=''>450 kr<\/td><\/tr><tr class=''><td class=''>5<\/td><td class=''>A-klass Latin<\/td><td class=''>14\/5<\/td><td class=''>Tisdagar<br \/>\n19:45-20:45<\/td><td class=''>530 kr<\/td><\/tr><tr class=''><td class=''>6<\/td><td class=''>Fritr\u00e4ning<\/td><td class=''>15\/5 &amp; 16\/5<\/td><td class=''>Onsdagar 16:30-18:00<br \/>\nTorsdagar<br \/>\n18.45-20:00<br \/>\n<\/td><td class=''>400 kr totalt<\/td><\/tr><tr class=''><td class=''>7<\/td><td class=''>Latin Fitness Dance<\/td><td class=''>15\/5<\/td><td class=''>Onsdagar<br \/>\n18:10-19:00<\/td><td class=''>450 kr<\/td><\/tr><tr class=''><td class=''>8<\/td><td class=''>Latin Fitness<\/td><td class=''>15\/5<\/td><td class=''>Onsdagar 19:10-20:00<\/td><td class=''>450 kr<\/td><\/tr><tr class=''><td class=''>9<\/td><td class=''>Latin Dance Teens 10-14 \u00e5r<\/td><td class=''>16\/5<\/td><td class=''>Torsdagar<br \/>\n18:00-18:45<\/td><td class=''>350 kr<\/td><\/tr><tr class=''><td class=''>10<\/td><td class=''>Yogadans med Matilda<\/td><td class=''>16\/5<\/td><td class=''>Torsdagar<br \/>\n19:00-19:50<\/td><td class=''>450 kr<\/td><\/tr><\/tbody><\/table><\/div><style type='text\/css'>.avia-table-1 td:nth-of-type(1):before { content: 'Kursnummer'; } .avia-table-1 td:nth-of-type(2):before { content: 'Kursnamn'; } .avia-table-1 td:nth-of-type(3):before { content: 'Kursstart'; } .avia-table-1 td:nth-of-type(4):before { content: 'Dag och Tid'; } .avia-table-1 td:nth-of-type(5):before { content: 'Pris'; } <\/style><\/p><\/div>\n","protected":false},"excerpt":{"rendered":"","protected":false},"author":1,"featured_media":0,"parent":0,"menu_order":0,"comment_status":"closed","ping_status":"closed","template":"","meta":{"footnotes":""},"class_list":["post-302","page","type-page","status-publish","hentry"],"yoast_head":"<!-- This site is optimized with the Yoast SEO plugin v26.9 - https:\/\/yoast.com\/product\/yoast-seo-wordpress\/ -->\n<title>Kursschema - Ann Wilson Fitness Academy<\/title>\n<meta name=\"robots\" content=\"index, follow, max-snippet:-1, max-image-preview:large, max-video-preview:-1\" \/>\n<link rel=\"canonical\" href=\"https:\/\/annwilson.se\/fitnessacademy\/kursschema\/\" \/>\n<meta property=\"og:locale\" content=\"sv_SE\" \/>\n<meta property=\"og:type\" content=\"article\" \/>\n<meta property=\"og:title\" content=\"Kursschema - Ann Wilson Fitness Academy\" \/>\n<meta property=\"og:url\" content=\"https:\/\/annwilson.se\/fitnessacademy\/kursschema\/\" \/>\n<meta property=\"og:site_name\" content=\"Ann Wilson Fitness Academy\" \/>\n<meta property=\"article:modified_time\" content=\"2025-12-05T10:46:04+00:00\" \/>\n<meta name=\"twitter:card\" content=\"summary_large_image\" \/>\n<meta name=\"twitter:label1\" content=\"Ber\u00e4knad l\u00e4stid\" \/>\n\t<meta name=\"twitter:data1\" content=\"1 minut\" \/>\n<script type=\"application\/ld+json\" class=\"yoast-schema-graph\">{\"@context\":\"https:\/\/schema.org\",\"@graph\":[{\"@type\":\"WebPage\",\"@id\":\"https:\/\/annwilson.se\/fitnessacademy\/kursschema\/\",\"url\":\"https:\/\/annwilson.se\/fitnessacademy\/kursschema\/\",\"name\":\"Kursschema - Ann Wilson Fitness Academy\",\"isPartOf\":{\"@id\":\"https:\/\/annwilson.se\/fitnessacademy\/#website\"},\"datePublished\":\"2018-08-08T19:42:57+00:00\",\"dateModified\":\"2025-12-05T10:46:04+00:00\",\"breadcrumb\":{\"@id\":\"https:\/\/annwilson.se\/fitnessacademy\/kursschema\/#breadcrumb\"},\"inLanguage\":\"sv-SE\",\"potentialAction\":[{\"@type\":\"ReadAction\",\"target\":[\"https:\/\/annwilson.se\/fitnessacademy\/kursschema\/\"]}]},{\"@type\":\"BreadcrumbList\",\"@id\":\"https:\/\/annwilson.se\/fitnessacademy\/kursschema\/#breadcrumb\",\"itemListElement\":[{\"@type\":\"ListItem\",\"position\":1,\"name\":\"Hem\",\"item\":\"https:\/\/annwilson.se\/fitnessacademy\/\"},{\"@type\":\"ListItem\",\"position\":2,\"name\":\"Kursschema\"}]},{\"@type\":\"WebSite\",\"@id\":\"https:\/\/annwilson.se\/fitnessacademy\/#website\",\"url\":\"https:\/\/annwilson.se\/fitnessacademy\/\",\"name\":\"Ann Wilson Fitness Academy\",\"description\":\"\",\"potentialAction\":[{\"@type\":\"SearchAction\",\"target\":{\"@type\":\"EntryPoint\",\"urlTemplate\":\"https:\/\/annwilson.se\/fitnessacademy\/?s={search_term_string}\"},\"query-input\":{\"@type\":\"PropertyValueSpecification\",\"valueRequired\":true,\"valueName\":\"search_term_string\"}}],\"inLanguage\":\"sv-SE\"}]}<\/script>\n<!-- \/ Yoast SEO plugin. -->","yoast_head_json":{"title":"Kursschema - Ann Wilson Fitness Academy","robots":{"index":"index","follow":"follow","max-snippet":"max-snippet:-1","max-image-preview":"max-image-preview:large","max-video-preview":"max-video-preview:-1"},"canonical":"https:\/\/annwilson.se\/fitnessacademy\/kursschema\/","og_locale":"sv_SE","og_type":"article","og_title":"Kursschema - Ann Wilson Fitness Academy","og_url":"https:\/\/annwilson.se\/fitnessacademy\/kursschema\/","og_site_name":"Ann Wilson Fitness Academy","article_modified_time":"2025-12-05T10:46:04+00:00","twitter_card":"summary_large_image","twitter_misc":{"Ber\u00e4knad l\u00e4stid":"1 minut"},"schema":{"@context":"https:\/\/schema.org","@graph":[{"@type":"WebPage","@id":"https:\/\/annwilson.se\/fitnessacademy\/kursschema\/","url":"https:\/\/annwilson.se\/fitnessacademy\/kursschema\/","name":"Kursschema - Ann Wilson Fitness Academy","isPartOf":{"@id":"https:\/\/annwilson.se\/fitnessacademy\/#website"},"datePublished":"2018-08-08T19:42:57+00:00","dateModified":"2025-12-05T10:46:04+00:00","breadcrumb":{"@id":"https:\/\/annwilson.se\/fitnessacademy\/kursschema\/#breadcrumb"},"inLanguage":"sv-SE","potentialAction":[{"@type":"ReadAction","target":["https:\/\/annwilson.se\/fitnessacademy\/kursschema\/"]}]},{"@type":"BreadcrumbList","@id":"https:\/\/annwilson.se\/fitnessacademy\/kursschema\/#breadcrumb","itemListElement":[{"@type":"ListItem","position":1,"name":"Hem","item":"https:\/\/annwilson.se\/fitnessacademy\/"},{"@type":"ListItem","position":2,"name":"Kursschema"}]},{"@type":"WebSite","@id":"https:\/\/annwilson.se\/fitnessacademy\/#website","url":"https:\/\/annwilson.se\/fitnessacademy\/","name":"Ann Wilson Fitness Academy","description":"","potentialAction":[{"@type":"SearchAction","target":{"@type":"EntryPoint","urlTemplate":"https:\/\/annwilson.se\/fitnessacademy\/?s={search_term_string}"},"query-input":{"@type":"PropertyValueSpecification","valueRequired":true,"valueName":"search_term_string"}}],"inLanguage":"sv-SE"}]}},"_links":{"self":[{"href":"https:\/\/annwilson.se\/fitnessacademy\/wp-json\/wp\/v2\/pages\/302","targetHints":{"allow":["GET"]}}],"collection":[{"href":"https:\/\/annwilson.se\/fitnessacademy\/wp-json\/wp\/v2\/pages"}],"about":[{"href":"https:\/\/annwilson.se\/fitnessacademy\/wp-json\/wp\/v2\/types\/page"}],"author":[{"embeddable":true,"href":"https:\/\/annwilson.se\/fitnessacademy\/wp-json\/wp\/v2\/users\/1"}],"replies":[{"embeddable":true,"href":"https:\/\/annwilson.se\/fitnessacademy\/wp-json\/wp\/v2\/comments?post=302"}],"version-history":[{"count":7,"href":"https:\/\/annwilson.se\/fitnessacademy\/wp-json\/wp\/v2\/pages\/302\/revisions"}],"predecessor-version":[{"id":1858,"href":"https:\/\/annwilson.se\/fitnessacademy\/wp-json\/wp\/v2\/pages\/302\/revisions\/1858"}],"wp:attachment":[{"href":"https:\/\/annwilson.se\/fitnessacademy\/wp-json\/wp\/v2\/media?parent=302"}],"curies":[{"name":"wp","href":"https:\/\/api.w.org\/{rel}","templated":true}]}}